{"id":43,"date":"2021-09-24T14:30:57","date_gmt":"2021-09-24T14:30:57","guid":{"rendered":"https:\/\/vej.imux.eu\/?page_id=43"},"modified":"2024-11-02T11:40:21","modified_gmt":"2024-11-02T10:40:21","slug":"ueber-uns","status":"publish","type":"page","link":"https:\/\/www.johanniskirche.org\/?page_id=43","title":{"rendered":"\u00dcber uns"},"content":{"rendered":"\n<p><strong>Wie alles begann und was wir tun&#8230;..<\/strong><\/p>\n\n\n\n<p>Seit die Johanniskirche vor 700 Jahren zum ersten Mal in den geschichtlichen B\u00fcchern erw\u00e4hnt wurde, durchlebte sie einige bauliche Ver\u00e4nderungen.<\/p>\n\n\n\n<p>1967 wurde das Dach und Teile der Kirche durch ein Feuer zerst\u00f6rt, ausgel\u00f6st durch einen Blitzeinschlag. Aufgrund dieses Ereignisses wurde die Kirche formell als Gotteshaus entweiht und als Baudenkmal festlichen und kulturellen Veranstaltungen gewidmet. Sie beeindruckt heute durch ihren ruinenhaften Charakter.<\/p>\n\n\n\n<p>Immer wieder gab es Menschen, die die Johanniskirche durch ihr Engagement belebten. Sofern es das Wetter zulie\u00df, konnten so einige sch\u00f6ne und denkw\u00fcrdige Veranstaltungen durchgef\u00fchrt werden.<\/p>\n\n\n\n<p>In dem charakterhaften Denkmal wurden Konzerte, Theaterst\u00fccke, eine Kinderskulpturenwerkstatt, das Johannisfeuer, sowie Gottesdienste ausgerichtet. In diesen Jahren k\u00fcmmerte sich haupts\u00e4chlich die Stadt Oberursel, der Besitzer des Baudenkmals, um die Pflege und den Erhalt der Johanniskirche.<\/p>\n\n\n\n<p>Um die Stadt Oberursel in diesen Aufgaben zu unterst\u00fctzen und mit dem Ziel, die Johanniskirche zu beleben und Raum f\u00fcr Veranstaltungen zu bieten, trafen sich am 15. Juni 2009 interessierte Wei\u00dfkirchener und gr\u00fcndeten den&nbsp;<strong>VEJ Verein zum Erhalt der Johanniskirche e.V.<\/strong>&nbsp;in Oberursel\/Wei\u00dfkirchen<\/p>\n\n\n\n<p>Der Verein hat die Ziele, das einzigartige Ambiente der Kirchenruine f\u00fcr kirchliche, kulturelle und gesellschaftliche&nbsp;<a href=\"https:\/\/www.johanniskirche.org\/www.johanniskirche.org\/termine\/index.html\">Veranstaltungen<\/a>&nbsp;zu nutzen und mit den daraus erzielten Einnahmen einen Beitrag zu ihrem Erhalt zu erwirtschaften.<\/p>\n\n\n\n<p>Am 04.10.2009 fand eine erste \u00f6ffentliche Informationsveranstaltung des Vereins in der Johanniskirche statt. Hier wurden auch vielf\u00e4ltige Ideen pr\u00e4sentiert, wie die Ruine k\u00fcnftig genutzt werden k\u00f6nnte: Konzerte, Theater, Kleinkunst, Gottesdienste, Sommerkino und sogar private Feiern sind denkbar.<\/p>\n\n\n\n<p>In den letzten Jahren hat der Verein schon viele dieser Ideen in Veranstaltungen umgesetzt:<\/p>\n\n\n\n<p>Kabarett mit Uschi Flacke, ein Konzert mit Chansons in Stil der 20er Jahre mit den &#8222;Kurharmonix&#8220;, Besinnliche Musik und Texte bei &#8222;<a href=\"https:\/\/www.johanniskirche.org\/www.johanniskirche.org\/aktuelle-bilder\/bilder-2012-2013\/index.html\">Johanniskirche im Advent<\/a>&#8220; um nur einige zu nennen.<\/p>\n\n\n\n<p>Im Jahr 2011 haben wir in Eigenleistung, dem Arbeitseinsatz unserer Vereinsmitglieder und finanzieller Unterst\u00fctzung durch das Land Hessen einen&nbsp;<a href=\"https:\/\/www.johanniskirche.org\/www.johanniskirche.org\/aktuelle-bilder\/bilder-2012-2013\/index.html\">Eichendielenboden<\/a>&nbsp;in die Kirche gelegt. Der neue Boden l\u00e4sst die Wirkung des alten Kirchenraums erahnen und hat Nutzungsm\u00f6glichkeiten und die Bandbreite m\u00f6glicher Veranstaltungen in der Ruine deutlich verbessert.&nbsp;Langfristig soll das Geb\u00e4ude durch eine \u00dcberdachung ganzj\u00e4hrig genutzt werden k\u00f6nnen.<\/p>\n\n\n\n<p>Wer immer eine Idee dieser oder \u00e4hnlicher Art umsetzen m\u00f6chte, ist bei unserem Verein sehr willkommen.<\/p>\n\n\n\n<p>Wir freuen uns auf Wegbegleiter, die aktiv im Verein mitwirken, oder den Verein und seine Ziele finanziell unterst\u00fctzen wollen. Aktuell hat der Verein etwas \u00fcber 40 Mitglieder. Auf der Jahreshauptversammlung vom 27.08.2024 ist Irmgard Quack zur neuen Vorsitzenden des Vereins gew\u00e4hlt worden.<\/p>\n","protected":false},"excerpt":{"rendered":"<p>Wie alles begann und was wir tun&#8230;.. Seit die Johanniskirche vor 700 Jahren zum ersten Mal in den geschichtlichen B\u00fcchern erw\u00e4hnt wurde, durchlebte sie einige bauliche Ver\u00e4nderungen. 1967 wurde das Dach und Teile der Kirche &hellip; <\/p>\n","protected":false},"author":1,"featured_media":0,"parent":0,"menu_order":0,"comment_status":"closed","ping_status":"closed","template":"","meta":{"footnotes":""},"class_list":["post-43","page","type-page","status-publish","hentry"],"_links":{"self":[{"href":"https:\/\/www.johanniskirche.org\/index.php?rest_route=\/wp\/v2\/pages\/43"}],"collection":[{"href":"https:\/\/www.johanniskirche.org\/index.php?rest_route=\/wp\/v2\/pages"}],"about":[{"href":"https:\/\/www.johanniskirche.org\/index.php?rest_route=\/wp\/v2\/types\/page"}],"author":[{"embeddable":true,"href":"https:\/\/www.johanniskirche.org\/index.php?rest_route=\/wp\/v2\/users\/1"}],"replies":[{"embeddable":true,"href":"https:\/\/www.johanniskirche.org\/index.php?rest_route=%2Fwp%2Fv2%2Fcomments&post=43"}],"version-history":[{"count":5,"href":"https:\/\/www.johanniskirche.org\/index.php?rest_route=\/wp\/v2\/pages\/43\/revisions"}],"predecessor-version":[{"id":460,"href":"https:\/\/www.johanniskirche.org\/index.php?rest_route=\/wp\/v2\/pages\/43\/revisions\/460"}],"wp:attachment":[{"href":"https:\/\/www.johanniskirche.org\/index.php?rest_route=%2Fwp%2Fv2%2Fmedia&parent=43"}],"curies":[{"name":"wp","href":"https:\/\/api.w.org\/{rel}","templated":true}]}}